 -aa0 (base 13) to base 16.
-71c
-619 (base 12) to base 5
-12020
-330 (base 9) to base 13
-17a
263 (base 14) to base 5
3404
Convert 1103d (base 16) to base 13.
25950
Convert 2123 (base 5) to base 10.
288
-34e (base 15) to base 9
-1022
-101012 (base 3) to base 8
-423
Convert 1725 (base 10) to base 9.
2326
Convert 44b9 (base 13) to base 3.
111012011
What is 12112 (base 3) in base 5?
1044
Convert 100000000001 (base 2) to base 12.
1229
What is -60440 (base 7) in base 6?
-151422
What is 43204 (base 5) in base 13?
1444
What is 55b1 (base 12) in base 4?
2110111
Convert -68d0 (base 16) to base 3.
-1100210210
15325 (base 7) to base 4
1002322
Convert 345 (base 9) to base 5.
2114
Convert -112002 (base 3) to base 5.
-3010
1234 (base 9) to base 12
64a
34215 (base 9) to base 5
1212100
-4556 (base 7) to base 10
-1658
Convert -1011110000001 (base 2) to base 7.
-23354
What is 110010111010 (base 2) in base 3?
11110200
What is -10111120 (base 3) in base 12?
-1589
What is 7df (base 16) in base 4?
133133
Convert 473 (base 12) to base 5.
10123
What is -b79 (base 14) in base 10?
-2263
-ca (base 13) to base 5
-1131
-54 (base 13) to base 5
-234
What is 425 (base 7) in base 11?
186
What is 717 (base 15) in base 12?
b11
What is 11012111 (base 3) in base 12?
1934
Convert 2010212222 (base 3) to base 12.
20508
Convert -aa5b (base 14) to base 10.
-29481
Convert -22321 (base 7) to base 12.
-332a
What is -3906 (base 10) in base 15?
-1256
Convert -a57 (base 12) to base 10.
-1507
-1433 (base 10) to base 5
-21213
321 (base 11) to base 4
12002
Convert -5ea3 (base 15) to base 8.
-47322
16346 (base 8) to base 13
34a1
What is 210 (base 3) in base 5?
41
Convert 321 (base 8) to base 13.
131
What is 55 (base 12) in base 4?
1001
What is 644 (base 9) in base 14?
298
What is 15534 (base 9) in base 4?
2212102
30133 (base 5) to base 10
1918
Convert -203014 (base 5) to base 2.
-1100111101010
322 (base 4) to base 6
134
4419 (base 13) to base 8
22416
What is 552 (base 14) in base 2?
10000011100
What is 18214 (base 11) in base 13?
b821
101110100011 (base 2) to base 8
5643
What is -757d (base 16) in base 13?
-108c8
81a1 (base 15) to base 8
65360
What is -b1 (base 12) in base 2?
-10000101
Convert -23 (base 6) to base 5.
-30
What is -1b8e (base 16) in base 4?
-1232032
What is 2577 (base 9) in base 12?
1151
526 (base 11) to base 9
773
What is -111143 (base 5) in base 4?
-331103
Convert 2 (base 4) to base 11.
2
What is -19743 (base 11) in base 7?
-143134
97a (base 15) to base 3
2221021
-13805 (base 12) to base 3
-1101010212
-1121221 (base 3) to base 16
-4a2
1010010110101 (base 2) to base 7
21312
1db1 (base 16) to base 11
5790
-4616 (base 9) to base 7
-12651
Convert 53501 (base 8) to base 3.
1010122022
Convert -3a3 (base 13) to base 14.
-33a
-2012000 (base 3) to base 6
-11213
Convert -16046 (base 10) to base 9.
-24008
What is -1035 (base 6) in base 4?
-3233
Convert 2004 (base 10) to base 8.
3724
What is -29319 (base 11) in base 15?
-c514
Convert -235 (base 12) to base 7.
-650
-11541 (base 7) to base 8
-5712
Convert -10110011001 (base 2) to base 16.
-599
a6b (base 12) to base 10
1523
Convert -1b83 (base 12) to base 5.
-102121
Convert -32551 (base 6) to base 14.
-1919
25073 (base 13) to base 16
10a69
-2012012022 (base 3) to base 2
-1010100010010010
Convert -637 (base 9) to base 14.
-292
Convert 110000010011111 (base 2) to base 5.
1242420
Convert 239 (base 16) to base 6.
2345
16361 (base 8) to base 11
5626
What is -10010011101001 (base 2) in base 6?
-111425
What is -383 (base 11) in base 13?
-28c
What is 1101200 (base 3) in base 5?
13032
-111001 (base 2) to base 6
-133
Convert 302 (base 15) to base 9.
832
50575 (base 9) to base 5
2031103
What is 1613 (base 9) in base 16?
4cb
What is -1200 (base 13) in base 14?
-cd1
-31243 (base 7) to base 8
-16773
11100100 (base 3) to base 16
c60
What is -64605 (base 9) in base 7?
-235463
Convert -135124 (base 6) to base 2.
-11000111111100
Convert -cdd (base 14) to base 9.
-3440
-cc8 (base 13) to base 4
-202100
Convert -3468a (base 11) to base 13.
-19a38
What is ab96 (base 14) in base 2?
111010000100000
Convert 1020021 (base 3) to base 8.
1602
What is -2858 (base 10) in base 6?
-21122
What is -368 (base 11) in base 16?
-1b5
What is 621 (base 9) in base 5?
4010
-6195 (base 10) to base 3
-22111110
What is 514 (base 10) in base 14?
28a
Convert -201111 (base 3) to base 15.
-251
1001001111 (base 2) to base 5
4331
What is -2104 (base 6) in base 2?
-111011000
Convert -1787 (base 12) to base 3.
-10220011
What is 1228 (base 9) in base 4?
32111
What is -10021112 (base 3) in base 6?
-15022
-250050 (base 7) to base 4
-23021112
Convert c02c (base 15) to base 12.
1b566
What is -232220 (base 4) in base 7?
-11462
Convert -110111100011100 (base 2) to base 9.
-43014
Convert 31114 (base 5) to base 10.
2034
Convert 1554 (base 9) to base 10.
1183
What is 4021 (base 8) in base 15?
92a
Convert 131 (base 5) to base 12.
35
Convert 11254 (base 7) to base 5.
43011
1 (base 9) to base 10
1
What is 23972 (base 10) in base 11?
17013
Convert 111 (base 11) to base 13.
a3
What is 3de8 (base 16) in base 11?
109a8
-2679 (base 11) to base 16
-d92
Convert -1163 (base 13) to base 7.
-10064
Convert 6a2 (base 14) to base 7.
3562
Convert -394 (base 11) to base 14.
-254
-241aa (base 11) to base 3
-1202210122
Convert -226 (base 11) to base 16.
-10e
What is -454 (base 15) in base 13?
-5a4
What is 11011201111 (base 3) in base 5?
10112144
What is 153335 (base 6) in base 16?
3abb
What is -34031 (base 6) in base 4?
-1022203
What is 1757 (base 9) in base 14?
6c4
What is -2aa (base 13) in base 11?
-3a5
Convert 21130021 (base 4) to base 14.
1013b
What is 12043 (base 5) in base 7?
2422
Convert 2dd (base 15) to base 4.
22102
Convert -1397 (base 14) to base 8.
-6611
What is -22609 (base 11) in base 13?
-11b4a
Convert -43381 (base 9) to base 5.
-1404442
Convert 1576 (base 13) to base 11.
23a4
10000111100 (base 2) to base 7
3106
Convert 407 (base 8) to base 7.
524
What is -207 (base 15) in base 7?
-1222
123 (base 7) to base 5
231
Convert -1011001010 (base 2) to base 15.
-329
Convert 1159 (base 15) to base 11.
284a
-cd5 (base 15) to base 10
-2900
-2111110 (base 4) to base 9
-14087
-8164 (base 9) to base 10
-5971
Convert -1352 (base 9) to base 7.
-2654
-6275 (base 12) to base 10
-10745
-2025 (base 7) to base 2
-1011000001
-6770 (base 9) to base 16
-138c
What is 122211000 (base 3) in base 7?
52602
-4b74 (base 12) to base 7
-34012
Convert -275 (base 9) to base 14.
-126
-6cf (base 16) to base 14
-8c7
Convert -122102 (base 3) to base 11.
-398
What is -2b22 (base 12) in base 14?
-1bbc
What is -1948 (base 13) in base 10?
-3778
Convert -14d (base 14) to base 16.
-109
Convert 2224 (base 5) to base 9.
378
What is 6766 (base 9) in base 4?
1032021
466 (base 15) to base 3
1100220
Convert 15166 (base 13) to base 6.
504131
Convert -442 (base 15) to base 4.
-33002
What is -40230 (base 6) in base 13?
-2529
What is -1405 (base 9) in base 4?
-100202
Convert -54b8 (base 12) to base 11.
-7036
-6577 (base 8) to base 4
-311333
What is 81 (base 10) in base 6?
213
Convert -100111000110001 (base 2) to base 4.
-10320301
Convert 1101110110 (base 2) to base 10.
886
What is 283 (base 11) in base 7?
654
What is 8b9 (base 13) in base 4?
113200
-14bc (base 15) to base 2
-1000101100100
Convert 251545 (base 7) to base 14.
12bcc
What is 7534 (base 8) in base 16?
f5c
What is 44a (base 11) in base 4?
20122
Convert -10649 (base 10) to base 4.
-2212121
Convert -763 (base 13) to base 14.
-664
Convert -10000110111110 (base 2) to base 14.
-3210
Convert -1222202 (base 3) to base 8.
-2653
What is 7c2 (base 14) in base 15?
6cc
What is 1931 (base 11) in base 13?
116a
What is -11201 (base 3) in base 12?
-a7
43c9 (base 16) to base 15
521d
2020102 (base 3) to base 13
986
-8116 (base 9) to base 6
-43240
Convert 3463 (base 13) to base 15.
229d
What is -23ca (base 13) in base 14?
-1bbd
What is -2010 (base 10) in base 15?
-8e0
What is -1782a (base 13) in base 7?
-246103
What is -3651 (base 9) in base 8?
-5237
What is -1ba50 (base 13) in base 10?
-54483
Convert 2232112 (base 4) to base 13.
5104
-111011000000 (base 2) to base 10
-3776
1334 (base 5) to base 4
3123
Convert 551d (base 15) to base 5.
1034103
Convert 10011000010100 (base 2) to base 4.
2120110
-1011100010110 (base 2